eatest common factor of 30576354 and 42656?
2666
What is the greatest common factor of 279990 and 3474630?
4590
What is the highest common factor of 15436 and 6181664?
908
Calculate the highest common divisor of 427710316 and 484.
484
Calculate the greatest common factor of 6597997 and 5054.
2527
Calculate the greatest common factor of 64 and 26586112.
64
What is the greatest common divisor of 56817 and 1061646?
177
What is the highest common divisor of 4356810 and 72?
18
What is the greatest common divisor of 1104697 and 396?
11
Calculate the greatest common factor of 1124133 and 590827.
97
Calculate the highest common factor of 2601 and 8687.
17
What is the greatest common factor of 168715 and 41779?
41
Calculate the highest common divisor of 18105071 and 4899.
1633
What is the highest common factor of 69428 and 579972?
68
What is the highest common factor of 38182 and 1244944?
34
Calculate the highest common divisor of 1258 and 343286.
74
What is the greatest common divisor of 23479191 and 178407?
4149
Calculate the greatest common factor of 2272760 and 1960.
280
Calculate the greatest common divisor of 8804 and 11315341.
2201
What is the greatest common factor of 3435339 and 111?
111
Calculate the greatest common factor of 131282305 and 2128.
133
What is the greatest common divisor of 148 and 109924706?
74
Calculate the greatest common divisor of 2128452 and 4731.
249
Calculate the greatest common divisor of 18030 and 437550.
30
Calculate the greatest common divisor of 1060 and 191831645.
265
What is the highest common divisor of 210858 and 339904?
226
Calculate the greatest common factor of 291517 and 80306407.
4351
What is the highest common factor of 1911535 and 43790?
145
What is the greatest common factor of 4 and 1280342?
2
What is the greatest common divisor of 2487110 and 3285?
365
Calculate the greatest common factor of 23312413 and 4772.
1193
Calculate the greatest common divisor of 1570 and 246176.
314
What is the highest common divisor of 14355275 and 11275?
275
Calculate the highest common divisor of 1075877 and 1046925.
517
Calculate the greatest common factor of 44232110 and 185120.
11570
Calculate the highest common divisor of 1164730 and 7595.
245
What is the greatest common divisor of 3306 and 807918?
114
What is the greatest common divisor of 149800195 and 2705?
2705
What is the highest common divisor of 4417 and 1101454039?
4417
Calculate the highest common factor of 2847 and 714246.
39
Calculate the greatest common divisor of 504 and 34505688.
168
Calculate the greatest common divisor of 178040 and 180.
20
What is the greatest common divisor of 651724991 and 139?
139
What is the greatest common factor of 20554 and 10922?
86
What is the greatest common factor of 1822 and 16836191?
911
What is the greatest common divisor of 1943 and 6230531?
67
What is the highest common factor of 174480326 and 86?
86
What is the greatest common factor of 248696 and 6092?
4
What is the greatest common divisor of 36418 and 295798?
262
What is the highest common divisor of 1866588 and 88665?
69
Calculate the highest common divisor of 13407 and 5438814.
123
What is the greatest common divisor of 143878 and 9417?
43
What is the highest common divisor of 10672662 and 99?
33
Calculate the highest common divisor of 158872 and 1400.
56
Calculate the greatest common divisor of 63899820 and 170.
10
What is the greatest common divisor of 707850 and 6039?
99
Calculate the highest common factor of 373671 and 2664.
9
Calculate the greatest common divisor of 85 and 90191069.
17
What is the highest common divisor of 33685278 and 66?
66
What is the highest common factor of 4200 and 2193450?
1050
What is the greatest common divisor of 725954375 and 19?
19
What is the highest common divisor of 288224 and 118336?
32
What is the highest common factor of 29888 and 52224?
64
Calculate the greatest common divisor of 63205296 and 36296.
2792
What is the greatest common factor of 6482 and 2877758443?
3241
What is the highest common factor of 527505 and 14025?
165
What is the highest common factor of 28 and 152103588?
28
Calculate the greatest common factor of 99449 and 14.
7
Calculate the highest common factor of 5232825 and 4095.
585
Calculate the highest common factor of 4155 and 192477882.
831
Calculate the highest common divisor of 2554736 and 16.
16
Calculate the greatest common divisor of 1581 and 1313131.
17
What is the highest common divisor of 742 and 6262109?
371
What is the greatest common factor of 906 and 75606?
6
Calculate the highest common factor of 2200389 and 12.
3
Calculate the highest common factor of 761589 and 41607.
1809
Calculate the greatest common factor of 6504 and 91811277.
813
Calculate the greatest common divisor of 7129686 and 1374.
1374
What is the greatest common factor of 24738 and 509826?
186
What is the greatest common factor of 50644 and 6644?
44
Calculate the highest common factor of 186251 and 1417.
13
What is the highest common factor of 197948795 and 1375?
55
Calculate the greatest common divisor of 162812 and 3033784.
1612
What is the highest common factor of 34199091 and 6963?
633
What is the greatest common factor of 3340 and 75960785?
835
Calculate the greatest common divisor of 12 and 218774748.
12
What is the greatest common factor of 1909902 and 42411?
201
What is the greatest common divisor of 91866 and 200751?
183
What is the greatest common divisor of 646048120 and 1480?
1480
What is the highest common factor of 37892085 and 445995?
8745
Calculate the highest common divisor of 9940882 and 13937.
1267
Calculate the greatest common factor of 16427240 and 6463480.
18520
Calculate the highest common factor of 891769 and 6188.
17
What is the highest common factor of 530 and 333635?
265
What is the greatest common divisor of 3762465 and 2303?
49
What is the greatest common factor of 1101928454 and 22?
22
What is the greatest common divisor of 5163 and 11451?
3
What is the greatest common divisor of 125760 and 13056?
192
What is the greatest common factor of 12649 and 13819519?
973
Calculate the highest common divisor of 126 and 6079934.
14
Calculate the greatest common divisor of 3945286 and 8.
2
Calculate the highest common divisor of 113709 and 1131.
87
What is the greatest common factor of 29782656 and 5562?
1854
Calculate the highest common factor of 106 and 7581862.
106
What is the highest common divisor of 362445 and 33945?
1095
Calculate the highest common divisor of 298033 and 47473.
29
Calculate the highest common factor of 61848245 and 4174.
2087
Calculate the highest common factor of 103920336 and 468.
468
What is the highest common factor of 3895 and 211621582?
779
What is the greatest common factor of 343874052 and 2214?
2214
What is the greatest common factor of 135187957 and 4999?
4999
Calculate the greatest common divisor of 37828242 and 4.
2
Calculate the greatest common divisor of 13804 and 1078742.
406
Calculate the highest common factor of 66290259 and 238.
119
What is the greatest common factor of 326237330 and 10?
10
What is the highest common factor of 2681088 and 1696?
32
What is the highest common divisor of 7306552 and 66?
22
What is the highest common factor of 10008 and 6642072?
72
Calculate the highest common factor of 18331 and 12443.
23
Calculate the greatest common factor of 13755 and 514101.
21
What is the highest common divisor of 1397 and 651937?
11
Calculate the highest common factor of 2454 and 4243926.
6
What is the highest common divisor of 21 and 549665627?
7
What is the highest common factor of 2332 and 167695869?
583
What is the greatest common factor of 21300351 and 978?
489
Calculate the highest common divisor of 115373437 and 74.
37
What is the greatest common factor of 52326893 and 361?
19
Calculate the greatest common divisor of 1350615 and 7125.
285
Calculate the highest common divisor of 213337860 and 7184.
1796
What is the highest common factor of 33634114 and 2?
2
Calculate the highest common divisor of 134656 and 132026.
526
Calculate the greatest common divisor of 1300 and 4251832.
52
What is the greatest common factor of 5384640 and 405744?
3792
What is the greatest common factor of 20482 and 1318933?
539
What is the highest common divisor of 6033 and 200520630